{"id":6390,"date":"2021-10-19T08:47:31","date_gmt":"2021-10-19T13:47:31","guid":{"rendered":"https:\/\/www.bib.ibero.mx\/site\/?page_id=6390"},"modified":"2021-10-28T08:42:54","modified_gmt":"2021-10-28T13:42:54","slug":"agradecimientos-memoria-de-la-ausencia","status":"publish","type":"page","link":"https:\/\/www.bib.ibero.mx\/site\/index.php\/memoria-de-la-ausencia\/agradecimientos-memoria-de-la-ausencia\/","title":{"rendered":"Agradecimientos &#8211; memoria de la ausencia"},"content":{"rendered":"\t\t<div data-elementor-type=\"wp-page\" data-elementor-id=\"6390\" class=\"elementor elementor-6390\">\n\t\t\t\t\t\t<div class=\"elementor-inner\">\n\t\t\t\t<div class=\"elementor-section-wrap\">\n\t\t\t\t\t\t\t\t\t<section class=\"elementor-section elementor-top-section elementor-element elementor-element-3c870c6 elementor-section-stretched elementor-section-boxed elementor-section-height-default elementor-section-height-default\" data-id=\"3c870c6\" data-element_type=\"section\" data-settings=\"{&quot;stretch_section&quot;:&quot;section-stretched&quot;}\">\n\t\t\t\t\t\t<div class=\"elementor-container elementor-column-gap-default\">\n\t\t\t\t\t\t\t<div class=\"elementor-row\">\n\t\t\t\t\t<div class=\"elementor-column elementor-col-100 elementor-top-column elementor-element elementor-element-facda95\" data-id=\"facda95\" data-element_type=\"column\">\n\t\t\t<div class=\"elementor-column-wrap elementor-element-populated\">\n\t\t\t\t\t\t\t<div class=\"elementor-widget-wrap\">\n\t\t\t\t\t\t<div class=\"elementor-element elementor-element-51c8c12 elementor-widget elementor-widget-image\" data-id=\"51c8c12\" data-element_type=\"widget\" data-widget_type=\"image.default\">\n\t\t\t\t<div class=\"elementor-widget-container\">\n\t\t\t\t\t\t\t\t<div class=\"elementor-image\">\n\t\t\t\t\t\t\t\t\t\t\t\t\t<a href=\"https:\/\/www.bib.ibero.mx\/site\/index.php\/memoria-de-la-ausencia\/\">\n\t\t\t\t\t\t\t<img decoding=\"async\" width=\"87\" height=\"60\" src=\"https:\/\/www.bib.ibero.mx\/site\/wp-content\/uploads\/2021\/10\/home.png\" class=\"attachment-large size-large wp-image-6059\" alt=\"\" loading=\"lazy\" \/>\t\t\t\t\t\t\t\t<\/a>\n\t\t\t\t\t\t\t\t\t\t\t\t\t\t<\/div>\n\t\t\t\t\t\t<\/div>\n\t\t\t\t<\/div>\n\t\t\t\t\t\t<\/div>\n\t\t\t\t\t<\/div>\n\t\t<\/div>\n\t\t\t\t\t\t\t\t<\/div>\n\t\t\t\t\t<\/div>\n\t\t<\/section>\n\t\t\t\t<section class=\"elementor-section elementor-top-section elementor-element elementor-element-3c01931 elementor-section-stretched elementor-section-boxed elementor-section-height-default elementor-section-height-default\" data-id=\"3c01931\" data-element_type=\"section\" data-settings=\"{&quot;stretch_section&quot;:&quot;section-stretched&quot;}\">\n\t\t\t\t\t\t<div class=\"elementor-container elementor-column-gap-default\">\n\t\t\t\t\t\t\t<div class=\"elementor-row\">\n\t\t\t\t\t<div class=\"elementor-column elementor-col-50 elementor-top-column elementor-element elementor-element-b13a165\" data-id=\"b13a165\" data-element_type=\"column\">\n\t\t\t<div class=\"elementor-column-wrap elementor-element-populated\">\n\t\t\t\t\t\t\t<div class=\"elementor-widget-wrap\">\n\t\t\t\t\t\t<div class=\"elementor-element elementor-element-383cbb1 elementor-widget elementor-widget-image\" data-id=\"383cbb1\" data-element_type=\"widget\" data-widget_type=\"image.default\">\n\t\t\t\t<div class=\"elementor-widget-container\">\n\t\t\t\t\t\t\t\t<div class=\"elementor-image\">\n\t\t\t\t\t\t\t\t\t\t\t\t<img decoding=\"async\" width=\"316\" height=\"600\" src=\"https:\/\/www.bib.ibero.mx\/site\/wp-content\/uploads\/2021\/10\/pendone_agradecimiento.jpg\" class=\"attachment-large size-large wp-image-6392\" alt=\"\" loading=\"lazy\" srcset=\"https:\/\/www.bib.ibero.mx\/site\/wp-content\/uploads\/2021\/10\/pendone_agradecimiento.jpg 316w, https:\/\/www.bib.ibero.mx\/site\/wp-content\/uploads\/2021\/10\/pendone_agradecimiento-158x300.jpg 158w\" sizes=\"(max-width: 316px) 100vw, 316px\" \/>\t\t\t\t\t\t\t\t\t\t\t\t\t\t<\/div>\n\t\t\t\t\t\t<\/div>\n\t\t\t\t<\/div>\n\t\t\t\t\t\t<\/div>\n\t\t\t\t\t<\/div>\n\t\t<\/div>\n\t\t\t\t<div class=\"elementor-column elementor-col-50 elementor-top-column elementor-element elementor-element-9d26e96\" data-id=\"9d26e96\" data-element_type=\"column\">\n\t\t\t<div class=\"elementor-column-wrap elementor-element-populated\">\n\t\t\t\t\t\t\t<div class=\"elementor-widget-wrap\">\n\t\t\t\t\t\t<div class=\"elementor-element elementor-element-0b56ca3 elementor-widget elementor-widget-text-editor\" data-id=\"0b56ca3\" data-element_type=\"widget\" data-widget_type=\"text-editor.default\">\n\t\t\t\t<div class=\"elementor-widget-container\">\n\t\t\t\t\t\t\t\t<div class=\"elementor-text-editor elementor-clearfix\">\n\t\t\t\t<p style=\"text-align: center;\"><span style=\"color: #000000;\"><strong>Exposici\u00f3n digital: \u201cMemoria de la ausencia\u201d<\/strong><\/span><\/p><p style=\"text-align: center;\"><span style=\"color: #000000;\"><strong>Cr\u00e9ditos y Agradecimientos<\/strong><\/span><\/p><p style=\"text-align: center;\"><span style=\"color: #008000;\">Investigaci\u00f3n<\/span><\/p><p style=\"text-align: center;\">\u00a0Mtra. Mar\u00eda De M\u00e1ria Campos<\/p><p style=\"text-align: center;\"><span style=\"color: #008000;\">Apoyo archiv\u00edstico<\/span><\/p><p style=\"text-align: center;\">Miguel \u00c1ngel Iturbe Zaldivar<\/p><p style=\"text-align: center;\"><span style=\"color: #008000;\">Curadur\u00eda<\/span><\/p><p style=\"text-align: center;\">Mtra. Mar\u00eda De M\u00e1ria Campos<\/p><p style=\"text-align: center;\"><span style=\"color: #008000;\">Coordinaci\u00f3n<\/span><\/p><p style=\"text-align: center;\">Mtro. Gerardo Morales S\u00e1nchez<\/p><p style=\"text-align: center;\"><span style=\"color: #008000;\">Digitalizaci\u00f3n de im\u00e1genes<\/span><\/p><p style=\"text-align: center;\">Lic. Jos\u00e9 Luis Cort\u00e9s Mart\u00ednez<\/p><p style=\"text-align: center;\"><span style=\"color: #008000;\">Dise\u00f1o de sitio web<\/span><\/p><p style=\"text-align: center;\">Lic. Eduardo Cort\u00e9s Vasco<\/p><p style=\"text-align: center;\"><span style=\"color: #ff0000;\">Biblioteca Francisco Xavier Clavigero<\/span><\/p><p style=\"text-align: center;\">Mtra. Teresa Matabuena Pel\u00e1ez<\/p><p style=\"text-align: center;\">Direcci\u00f3n<\/p><p style=\"text-align: center;\">Mtro. Luis Incl\u00e1n Cienfuegos<\/p><p style=\"text-align: center;\">Coordinador de Acervos Hist\u00f3ricos<\/p><p><img decoding=\"async\" loading=\"lazy\" class=\"wp-image-6405 aligncenter\" src=\"https:\/\/www.bib.ibero.mx\/site\/wp-content\/uploads\/2021\/10\/cempasuchil.jpg\" alt=\"\" width=\"29\" height=\"28\" \/><\/p><p><span style=\"font-size: 10pt;\">Nota:<\/span><\/p><p><span style=\"font-size: 10pt;\">Iconos de navegaci\u00f3n, tomados de: Reyes Palma, Francisco, Calaveras del Taller de Gr\u00e1fica Popular. EXHUMACIONES calaveras del TGP,\u00a0 Cat\u00e1logos de CURARE num. 2, M\u00e9xico, noviembre de 1991. BMY6138.<\/span><\/p>\t\t\t\t\t<\/div>\n\t\t\t\t\t\t<\/div>\n\t\t\t\t<\/div>\n\t\t\t\t\t\t<\/div>\n\t\t\t\t\t<\/div>\n\t\t<\/div>\n\t\t\t\t\t\t\t\t<\/div>\n\t\t\t\t\t<\/div>\n\t\t<\/section>\n\t\t\t\t<section class=\"elementor-section elementor-top-section elementor-element elementor-element-9b42afa elementor-section-stretched elementor-section-boxed elementor-section-height-default elementor-section-height-default\" data-id=\"9b42afa\" data-element_type=\"section\" data-settings=\"{&quot;stretch_section&quot;:&quot;section-stretched&quot;}\">\n\t\t\t\t\t\t<div class=\"elementor-container elementor-column-gap-default\">\n\t\t\t\t\t\t\t<div class=\"elementor-row\">\n\t\t\t\t\t<div class=\"elementor-column elementor-col-100 elementor-top-column elementor-element elementor-element-1c62983\" data-id=\"1c62983\" data-element_type=\"column\">\n\t\t\t<div class=\"elementor-column-wrap elementor-element-populated\">\n\t\t\t\t\t\t\t<div class=\"elementor-widget-wrap\">\n\t\t\t\t\t\t<div class=\"elementor-element elementor-element-d69198a elementor-widget elementor-widget-image\" data-id=\"d69198a\" data-element_type=\"widget\" data-widget_type=\"image.default\">\n\t\t\t\t<div class=\"elementor-widget-container\">\n\t\t\t\t\t\t\t\t<div class=\"elementor-image\">\n\t\t\t\t\t\t\t\t\t\t\t\t\t<a href=\"https:\/\/www.bib.ibero.mx\/site\/index.php\/memoria-de-la-ausencia\/\">\n\t\t\t\t\t\t\t<img decoding=\"async\" width=\"87\" height=\"60\" src=\"https:\/\/www.bib.ibero.mx\/site\/wp-content\/uploads\/2021\/10\/home.png\" class=\"attachment-large size-large wp-image-6059\" alt=\"\" loading=\"lazy\" \/>\t\t\t\t\t\t\t\t<\/a>\n\t\t\t\t\t\t\t\t\t\t\t\t\t\t<\/div>\n\t\t\t\t\t\t<\/div>\n\t\t\t\t<\/div>\n\t\t\t\t\t\t<\/div>\n\t\t\t\t\t<\/div>\n\t\t<\/div>\n\t\t\t\t\t\t\t\t<\/div>\n\t\t\t\t\t<\/div>\n\t\t<\/section>\n\t\t\t\t\t\t\t\t\t<\/div>\n\t\t\t<\/div>\n\t\t\t\t\t<\/div>\n\t\t","protected":false},"excerpt":{"rendered":"<p>Exposici\u00f3n digital: \u201cMemoria de la ausencia\u201d Cr\u00e9ditos y Agradecimientos Investigaci\u00f3n \u00a0Mtra. Mar\u00eda De M\u00e1ria Campos Apoyo archiv\u00edstico Miguel \u00c1ngel Iturbe Zaldivar Curadur\u00eda Mtra. Mar\u00eda De M\u00e1ria Campos Coordinaci\u00f3n Mtro. Gerardo Morales S\u00e1nchez Digitalizaci\u00f3n de im\u00e1genes Lic. Jos\u00e9 Luis Cort\u00e9s Mart\u00ednez<\/p>\n","protected":false},"author":2,"featured_media":0,"parent":5687,"menu_order":5,"comment_status":"closed","ping_status":"closed","template":"","meta":[],"_links":{"self":[{"href":"https:\/\/www.bib.ibero.mx\/site\/index.php\/wp-json\/wp\/v2\/pages\/6390"}],"collection":[{"href":"https:\/\/www.bib.ibero.mx\/site\/index.php\/wp-json\/wp\/v2\/pages"}],"about":[{"href":"https:\/\/www.bib.ibero.mx\/site\/index.php\/wp-json\/wp\/v2\/types\/page"}],"author":[{"embeddable":true,"href":"https:\/\/www.bib.ibero.mx\/site\/index.php\/wp-json\/wp\/v2\/users\/2"}],"replies":[{"embeddable":true,"href":"https:\/\/www.bib.ibero.mx\/site\/index.php\/wp-json\/wp\/v2\/comments?post=6390"}],"version-history":[{"count":19,"href":"https:\/\/www.bib.ibero.mx\/site\/index.php\/wp-json\/wp\/v2\/pages\/6390\/revisions"}],"predecessor-version":[{"id":6903,"href":"https:\/\/www.bib.ibero.mx\/site\/index.php\/wp-json\/wp\/v2\/pages\/6390\/revisions\/6903"}],"up":[{"embeddable":true,"href":"https:\/\/www.bib.ibero.mx\/site\/index.php\/wp-json\/wp\/v2\/pages\/5687"}],"wp:attachment":[{"href":"https:\/\/www.bib.ibero.mx\/site\/index.php\/wp-json\/wp\/v2\/media?parent=6390"}],"curies":[{"name":"wp","href":"https:\/\/api.w.org\/{rel}","templated":true}]}}