{"id":5687,"date":"2021-09-24T12:01:59","date_gmt":"2021-09-24T17:01:59","guid":{"rendered":"https:\/\/www.bib.ibero.mx\/site\/?page_id=5687"},"modified":"2021-10-28T08:46:09","modified_gmt":"2021-10-28T13:46:09","slug":"memoria-de-la-ausencia","status":"publish","type":"page","link":"https:\/\/www.bib.ibero.mx\/site\/index.php\/memoria-de-la-ausencia\/","title":{"rendered":"Memoria de la ausencia"},"content":{"rendered":"\t\t<div data-elementor-type=\"wp-page\" data-elementor-id=\"5687\" class=\"elementor elementor-5687\">\n\t\t\t\t\t\t<div class=\"elementor-inner\">\n\t\t\t\t<div class=\"elementor-section-wrap\">\n\t\t\t\t\t\t\t\t\t<section class=\"elementor-section elementor-top-section elementor-element elementor-element-407f7c7 animated-slow elementor-section-stretched elementor-section-boxed elementor-section-height-default elementor-section-height-default elementor-invisible\" data-id=\"407f7c7\" data-element_type=\"section\" data-settings=\"{&quot;animation&quot;:&quot;pulse&quot;,&quot;stretch_section&quot;:&quot;section-stretched&quot;}\">\n\t\t\t\t\t\t<div class=\"elementor-container elementor-column-gap-default\">\n\t\t\t\t\t\t\t<div class=\"elementor-row\">\n\t\t\t\t\t<div class=\"elementor-column elementor-col-100 elementor-top-column elementor-element elementor-element-00df5ed\" data-id=\"00df5ed\" data-element_type=\"column\">\n\t\t\t<div class=\"elementor-column-wrap elementor-element-populated\">\n\t\t\t\t\t\t\t<div class=\"elementor-widget-wrap\">\n\t\t\t\t\t\t<div class=\"elementor-element elementor-element-51f01a2 elementor-widget__width-inherit elementor-widget elementor-widget-image\" data-id=\"51f01a2\" data-element_type=\"widget\" data-widget_type=\"image.default\">\n\t\t\t\t<div class=\"elementor-widget-container\">\n\t\t\t\t\t\t\t\t<div class=\"elementor-image\">\n\t\t\t\t\t\t\t\t\t\t\t\t<img decoding=\"async\" src=\"https:\/\/www.bib.ibero.mx\/site\/wp-content\/uploads\/elementor\/thumbs\/liston-blanco_3-pei7zfuv60qic0kk9u3gteyvrjrabfdwlf6eqbhrco.jpg\" title=\"liston blanco_3\" alt=\"liston blanco_3\" loading=\"lazy\" \/>\t\t\t\t\t\t\t\t\t\t\t\t\t\t<\/div>\n\t\t\t\t\t\t<\/div>\n\t\t\t\t<\/div>\n\t\t\t\t\t\t<\/div>\n\t\t\t\t\t<\/div>\n\t\t<\/div>\n\t\t\t\t\t\t\t\t<\/div>\n\t\t\t\t\t<\/div>\n\t\t<\/section>\n\t\t\t\t<section class=\"elementor-section elementor-top-section elementor-element elementor-element-229c193 elementor-section-stretched elementor-section-boxed elementor-section-height-default elementor-section-height-default\" data-id=\"229c193\" data-element_type=\"section\" data-settings=\"{&quot;stretch_section&quot;:&quot;section-stretched&quot;,&quot;background_background&quot;:&quot;classic&quot;}\">\n\t\t\t\t\t\t<div class=\"elementor-container elementor-column-gap-default\">\n\t\t\t\t\t\t\t<div class=\"elementor-row\">\n\t\t\t\t\t<div class=\"elementor-column elementor-col-25 elementor-top-column elementor-element elementor-element-dbc9e13\" data-id=\"dbc9e13\" data-element_type=\"column\">\n\t\t\t<div class=\"elementor-column-wrap elementor-element-populated\">\n\t\t\t\t\t\t\t<div class=\"elementor-widget-wrap\">\n\t\t\t\t\t\t<div class=\"elementor-element elementor-element-87ae006 elementor-widget elementor-widget-image\" data-id=\"87ae006\" data-element_type=\"widget\" data-widget_type=\"image.default\">\n\t\t\t\t<div class=\"elementor-widget-container\">\n\t\t\t\t\t\t\t\t<div class=\"elementor-image\">\n\t\t\t\t\t\t\t\t\t\t\t\t\t<a href=\"https:\/\/www.bib.ibero.mx\/site\/index.php\/los-rastros-de-la-ausencia\/\" rel=\"nofollow\">\n\t\t\t\t\t\t\t<img decoding=\"async\" src=\"https:\/\/www.bib.ibero.mx\/site\/wp-content\/uploads\/elementor\/thumbs\/texto_1a_rastros-de-la-ausencia-pespmlh5g9qn7yo2bj5i0i0obncdx5ud8476k8az04.jpg\" title=\"texto_1a_rastros de la ausencia\" alt=\"texto_1a_rastros de la ausencia\" loading=\"lazy\" \/>\t\t\t\t\t\t\t\t<\/a>\n\t\t\t\t\t\t\t\t\t\t\t\t\t\t<\/div>\n\t\t\t\t\t\t<\/div>\n\t\t\t\t<\/div>\n\t\t\t\t\t\t<\/div>\n\t\t\t\t\t<\/div>\n\t\t<\/div>\n\t\t\t\t<div class=\"elementor-column elementor-col-25 elementor-top-column elementor-element elementor-element-d763a45\" data-id=\"d763a45\" data-element_type=\"column\">\n\t\t\t<div class=\"elementor-column-wrap elementor-element-populated\">\n\t\t\t\t\t\t\t<div class=\"elementor-widget-wrap\">\n\t\t\t\t\t\t<div class=\"elementor-element elementor-element-0477e58 elementor-widget elementor-widget-image\" data-id=\"0477e58\" data-element_type=\"widget\" data-widget_type=\"image.default\">\n\t\t\t\t<div class=\"elementor-widget-container\">\n\t\t\t\t\t\t\t\t<div class=\"elementor-image\">\n\t\t\t\t\t\t\t\t\t\t\t\t\t<a href=\"https:\/\/www.bib.ibero.mx\/site\/index.php\/memoria-de-la-ausencia\/melancolia-la-dolencia-del-alma\/\">\n\t\t\t\t\t\t\t<img decoding=\"async\" src=\"https:\/\/www.bib.ibero.mx\/site\/wp-content\/uploads\/elementor\/thumbs\/texto_2_melancolia-pei97yhcnzxqp1q6j6z9kyga2kpu0oqw6ojwqnyzlg.jpg\" title=\"texto_2_melancolia\" alt=\"texto_2_melancolia\" loading=\"lazy\" \/>\t\t\t\t\t\t\t\t<\/a>\n\t\t\t\t\t\t\t\t\t\t\t\t\t\t<\/div>\n\t\t\t\t\t\t<\/div>\n\t\t\t\t<\/div>\n\t\t\t\t\t\t<\/div>\n\t\t\t\t\t<\/div>\n\t\t<\/div>\n\t\t\t\t<div class=\"elementor-column elementor-col-25 elementor-top-column elementor-element elementor-element-666cd4d\" data-id=\"666cd4d\" data-element_type=\"column\">\n\t\t\t<div class=\"elementor-column-wrap elementor-element-populated\">\n\t\t\t\t\t\t\t<div class=\"elementor-widget-wrap\">\n\t\t\t\t\t\t<div class=\"elementor-element elementor-element-dafe578 elementor-widget elementor-widget-image\" data-id=\"dafe578\" data-element_type=\"widget\" data-widget_type=\"image.default\">\n\t\t\t\t<div class=\"elementor-widget-container\">\n\t\t\t\t\t\t\t\t<div class=\"elementor-image\">\n\t\t\t\t\t\t\t\t\t\t\t\t\t<a href=\"https:\/\/www.bib.ibero.mx\/site\/index.php\/memoria-de-la-ausencia\/el-recuerdo\/\">\n\t\t\t\t\t\t\t<img decoding=\"async\" src=\"https:\/\/www.bib.ibero.mx\/site\/wp-content\/uploads\/elementor\/thumbs\/Texto_3_el-recuerdo-pei98ti0xj47c6h4i2dyd8mhoagy2p61ay2xksozw4.jpg\" title=\"Texto_3_el recuerdo\" alt=\"Texto_3_el recuerdo\" loading=\"lazy\" \/>\t\t\t\t\t\t\t\t<\/a>\n\t\t\t\t\t\t\t\t\t\t\t\t\t\t<\/div>\n\t\t\t\t\t\t<\/div>\n\t\t\t\t<\/div>\n\t\t\t\t\t\t<\/div>\n\t\t\t\t\t<\/div>\n\t\t<\/div>\n\t\t\t\t<div class=\"elementor-column elementor-col-25 elementor-top-column elementor-element elementor-element-d739883\" data-id=\"d739883\" data-element_type=\"column\">\n\t\t\t<div class=\"elementor-column-wrap elementor-element-populated\">\n\t\t\t\t\t\t\t<div class=\"elementor-widget-wrap\">\n\t\t\t\t\t\t<div class=\"elementor-element elementor-element-f596a91 elementor-widget elementor-widget-image\" data-id=\"f596a91\" data-element_type=\"widget\" data-widget_type=\"image.default\">\n\t\t\t\t<div class=\"elementor-widget-container\">\n\t\t\t\t\t\t\t\t<div class=\"elementor-image\">\n\t\t\t\t\t\t\t\t\t\t\t\t\t<a href=\"https:\/\/www.bib.ibero.mx\/site\/index.php\/memoria-de-la-ausencia\/dia-de-muertos-presencias-vivas\/\">\n\t\t\t\t\t\t\t<img decoding=\"async\" src=\"https:\/\/www.bib.ibero.mx\/site\/wp-content\/uploads\/elementor\/thumbs\/texto_4_presencias-vivas-pei99oip72anzb82gxsn5ispa0824pl6f7lyexf06s.jpg\" title=\"texto_4_presencias vivas\" alt=\"texto_4_presencias vivas\" loading=\"lazy\" \/>\t\t\t\t\t\t\t\t<\/a>\n\t\t\t\t\t\t\t\t\t\t\t\t\t\t<\/div>\n\t\t\t\t\t\t<\/div>\n\t\t\t\t<\/div>\n\t\t\t\t\t\t<\/div>\n\t\t\t\t\t<\/div>\n\t\t<\/div>\n\t\t\t\t\t\t\t\t<\/div>\n\t\t\t\t\t<\/div>\n\t\t<\/section>\n\t\t\t\t<section class=\"elementor-section elementor-top-section elementor-element elementor-element-20d34a1 elementor-section-stretched elementor-section-boxed elementor-section-height-default elementor-section-height-default\" data-id=\"20d34a1\" data-element_type=\"section\" data-settings=\"{&quot;stretch_section&quot;:&quot;section-stretched&quot;}\">\n\t\t\t\t\t\t<div class=\"elementor-container elementor-column-gap-default\">\n\t\t\t\t\t\t\t<div class=\"elementor-row\">\n\t\t\t\t\t<div class=\"elementor-column elementor-col-100 elementor-top-column elementor-element elementor-element-3fa9a25\" data-id=\"3fa9a25\" data-element_type=\"column\">\n\t\t\t<div class=\"elementor-column-wrap elementor-element-populated\">\n\t\t\t\t\t\t\t<div class=\"elementor-widget-wrap\">\n\t\t\t\t\t\t<div class=\"elementor-element elementor-element-153f09f elementor-widget elementor-widget-text-editor\" data-id=\"153f09f\" data-element_type=\"widget\" data-widget_type=\"text-editor.default\">\n\t\t\t\t<div class=\"elementor-widget-container\">\n\t\t\t\t\t\t\t\t<div class=\"elementor-text-editor elementor-clearfix\">\n\t\t\t\t<p style=\"text-align: center;\"><span style=\"font-size: 18pt;\">Exposici\u00f3n Memoria de la ausencia<\/span><\/p><p><strong>\u00a0<\/strong><\/p><p style=\"text-align: justify;\">Durante tres d\u00e9cadas, Mariana Yampolsky descubri\u00f3 en sus viajes de exploraci\u00f3n por M\u00e9xico lugares secretos y sorprendentes. Captur\u00f3 con su c\u00e1mara una de las tradiciones m\u00e1s representativas de nuestro pa\u00eds: el d\u00eda de muertos.<\/p><p style=\"text-align: justify;\">La exposici\u00f3n <em>Memoria de la ausencia <\/em>re\u00fane 61 fotograf\u00edas del Fondo Fotogr\u00e1fico Mariana Yampolsky, resguardado por nuestra Biblioteca Francisco Xavier Clavigero. \u00a0<em>Los rastros de la ausencia, Melancol\u00eda: la dolencia del alma, El recuerdo<\/em>, as\u00ed como <em>D\u00eda de muertos: presencias vivas <\/em>son los cuatro ejes tem\u00e1ticos que plantea esta exposici\u00f3n.<\/p><p style=\"text-align: justify;\">Sus im\u00e1genes nos trasmiten que en M\u00e9xico, los muertos se alojan en el fondo de la memoria, al inconsciente, a las habitaciones vac\u00edas, a los zapatos de un ni\u00f1o ausente, a las risas, la convivencia y la conmemoraci\u00f3n de la vida. Si bien es cierto que Mariana abord\u00f3 este tema de m\u00faltiples maneras -en la melancol\u00eda, la ausencia, los objetos, el dolor, los ritos, los cementerios o en las risas y la danza-, tambi\u00e9n es cierto que lo hizo a trav\u00e9s de las celebraciones familiares que se agrupan alrededor de las tumbas, los altares y las velas cada 1\u00ba y 2 de noviembre. Dos d\u00edas en que los muertos y los vivos conviven a trav\u00e9s de la comida y la m\u00fasica; guitarras, trompetas y arpas son tocadas para que escuchen los ausentes, de tal forma que los muertos poseen el olor a copal y los vivos el sabor que impregna las ofrendas.<\/p><p style=\"text-align: justify;\">\u00a0<\/p><p style=\"text-align: justify;\">Aunque Mariana no sol\u00eda fechar ni titular sus fotograf\u00edas y es dif\u00edcil ubicar muchas de ellas en el tiempo, si es posible saber el lugar de la toma de cada una. As\u00ed ocurre con aquella imagen de unos padres tom\u00e1ndose de la mano junto a la tumba de un ser querido en un cementerio de la ciudad de M\u00e9xico. O aquella otra de una mujer mazahua de Michoac\u00e1n que mira hacia la ventana, recordando a los que ya no est\u00e1n. Sin dejar de lado la esencia del D\u00eda de muertos, Mariana nos comparte en sus fotograf\u00edas que la muerte no representa una ausencia, sino por el contrario se torna en presencia viva. Es un s\u00edmbolo de la vida que se materializa en los cementerios. En ese d\u00eda, los familiares esparcen p\u00e9talos de flores de cempas\u00fachil y velas para trazar el camino de regreso de las almas a la tierra de los vivos.<\/p><p style=\"text-align: justify;\">\u00a0<\/p><p style=\"text-align: justify;\">Yampolsky plasma en sales de plata testimonios que son, fueron y ser\u00e1n usados para crear sentimientos y emociones, pero tambi\u00e9n para lidiar de manera simb\u00f3lica, tanto en el espacio privado como en el p\u00fablico, contra el olvido. Recordar es \u201cvolver a pasar por el coraz\u00f3n\u201d, y en d\u00eda de muertos, eso se hace con alegr\u00eda.<\/p><p><img decoding=\"async\" loading=\"lazy\" class=\"size-full wp-image-6405 aligncenter\" src=\"https:\/\/www.bib.ibero.mx\/site\/wp-content\/uploads\/2021\/10\/cempasuchil.jpg\" alt=\"\" width=\"63\" height=\"60\" \/><\/p>\t\t\t\t\t<\/div>\n\t\t\t\t\t\t<\/div>\n\t\t\t\t<\/div>\n\t\t\t\t\t\t<\/div>\n\t\t\t\t\t<\/div>\n\t\t<\/div>\n\t\t\t\t\t\t\t\t<\/div>\n\t\t\t\t\t<\/div>\n\t\t<\/section>\n\t\t\t\t<section class=\"elementor-section elementor-top-section elementor-element elementor-element-335cfdc elementor-section-stretched elementor-section-boxed elementor-section-height-default elementor-section-height-default\" data-id=\"335cfdc\" data-element_type=\"section\" data-settings=\"{&quot;stretch_section&quot;:&quot;section-stretched&quot;}\">\n\t\t\t\t\t\t<div class=\"elementor-container elementor-column-gap-default\">\n\t\t\t\t\t\t\t<div class=\"elementor-row\">\n\t\t\t\t\t<div class=\"elementor-column elementor-col-100 elementor-top-column elementor-element elementor-element-299bd04\" data-id=\"299bd04\" data-element_type=\"column\">\n\t\t\t<div class=\"elementor-column-wrap elementor-element-populated\">\n\t\t\t\t\t\t\t<div class=\"elementor-widget-wrap\">\n\t\t\t\t\t\t<div class=\"elementor-element elementor-element-da33ad8 elementor-widget-divider--view-line elementor-widget elementor-widget-divider\" data-id=\"da33ad8\" data-element_type=\"widget\" data-widget_type=\"divider.default\">\n\t\t\t\t<div class=\"elementor-widget-container\">\n\t\t\t\t\t<div class=\"elementor-divider\">\n\t\t\t<span class=\"elementor-divider-separator\">\n\t\t\t\t\t\t<\/span>\n\t\t<\/div>\n\t\t\t\t<\/div>\n\t\t\t\t<\/div>\n\t\t\t\t\t\t<\/div>\n\t\t\t\t\t<\/div>\n\t\t<\/div>\n\t\t\t\t\t\t\t\t<\/div>\n\t\t\t\t\t<\/div>\n\t\t<\/section>\n\t\t\t\t<section class=\"elementor-section elementor-top-section elementor-element elementor-element-62f1439 elementor-section-boxed elementor-section-height-default elementor-section-height-default\" data-id=\"62f1439\" data-element_type=\"section\">\n\t\t\t\t\t\t<div class=\"elementor-container elementor-column-gap-default\">\n\t\t\t\t\t\t\t<div class=\"elementor-row\">\n\t\t\t\t\t<div class=\"elementor-column elementor-col-100 elementor-top-column elementor-element elementor-element-ab9a714\" data-id=\"ab9a714\" data-element_type=\"column\">\n\t\t\t<div class=\"elementor-column-wrap elementor-element-populated\">\n\t\t\t\t\t\t\t<div class=\"elementor-widget-wrap\">\n\t\t\t\t\t\t<div class=\"elementor-element elementor-element-75071d7 elementor-widget elementor-widget-image\" data-id=\"75071d7\" data-element_type=\"widget\" data-widget_type=\"image.default\">\n\t\t\t\t<div class=\"elementor-widget-container\">\n\t\t\t\t\t\t\t\t<div class=\"elementor-image\">\n\t\t\t\t\t\t\t\t\t\t\t\t\t<a href=\"https:\/\/www.bib.ibero.mx\/site\/index.php\/memoria-de-la-ausencia\/agradecimientos-memoria-de-la-ausencia\/\">\n\t\t\t\t\t\t\t<img decoding=\"async\" width=\"1200\" height=\"200\" src=\"https:\/\/www.bib.ibero.mx\/site\/wp-content\/uploads\/2021\/10\/banderas_BFXC_agradecimientos.jpg\" class=\"attachment-full size-full wp-image-6373\" alt=\"\" loading=\"lazy\" srcset=\"https:\/\/www.bib.ibero.mx\/site\/wp-content\/uploads\/2021\/10\/banderas_BFXC_agradecimientos.jpg 1200w, https:\/\/www.bib.ibero.mx\/site\/wp-content\/uploads\/2021\/10\/banderas_BFXC_agradecimientos-300x50.jpg 300w, https:\/\/www.bib.ibero.mx\/site\/wp-content\/uploads\/2021\/10\/banderas_BFXC_agradecimientos-768x128.jpg 768w, https:\/\/www.bib.ibero.mx\/site\/wp-content\/uploads\/2021\/10\/banderas_BFXC_agradecimientos-700x117.jpg 700w\" sizes=\"(max-width: 1200px) 100vw, 1200px\" \/>\t\t\t\t\t\t\t\t<\/a>\n\t\t\t\t\t\t\t\t\t\t\t\t\t\t<\/div>\n\t\t\t\t\t\t<\/div>\n\t\t\t\t<\/div>\n\t\t\t\t\t\t<\/div>\n\t\t\t\t\t<\/div>\n\t\t<\/div>\n\t\t\t\t\t\t\t\t<\/div>\n\t\t\t\t\t<\/div>\n\t\t<\/section>\n\t\t\t\t\t\t\t\t\t<\/div>\n\t\t\t<\/div>\n\t\t\t\t\t<\/div>\n\t\t","protected":false},"excerpt":{"rendered":"<p>Exposici\u00f3n Memoria de la ausencia \u00a0 Durante tres d\u00e9cadas, Mariana Yampolsky descubri\u00f3 en sus viajes de exploraci\u00f3n por M\u00e9xico lugares secretos y sorprendentes. Captur\u00f3 con su c\u00e1mara una de las tradiciones m\u00e1s representativas de nuestro pa\u00eds: el d\u00eda de muertos.<\/p>\n","protected":false},"author":2,"featured_media":0,"parent":0,"menu_order":0,"comment_status":"closed","ping_status":"closed","template":"","meta":[],"_links":{"self":[{"href":"https:\/\/www.bib.ibero.mx\/site\/index.php\/wp-json\/wp\/v2\/pages\/5687"}],"collection":[{"href":"https:\/\/www.bib.ibero.mx\/site\/index.php\/wp-json\/wp\/v2\/pages"}],"about":[{"href":"https:\/\/www.bib.ibero.mx\/site\/index.php\/wp-json\/wp\/v2\/types\/page"}],"author":[{"embeddable":true,"href":"https:\/\/www.bib.ibero.mx\/site\/index.php\/wp-json\/wp\/v2\/users\/2"}],"replies":[{"embeddable":true,"href":"https:\/\/www.bib.ibero.mx\/site\/index.php\/wp-json\/wp\/v2\/comments?post=5687"}],"version-history":[{"count":194,"href":"https:\/\/www.bib.ibero.mx\/site\/index.php\/wp-json\/wp\/v2\/pages\/5687\/revisions"}],"predecessor-version":[{"id":6906,"href":"https:\/\/www.bib.ibero.mx\/site\/index.php\/wp-json\/wp\/v2\/pages\/5687\/revisions\/6906"}],"wp:attachment":[{"href":"https:\/\/www.bib.ibero.mx\/site\/index.php\/wp-json\/wp\/v2\/media?parent=5687"}],"curies":[{"name":"wp","href":"https:\/\/api.w.org\/{rel}","templated":true}]}}