{"id":5356,"date":"2021-06-24T22:23:51","date_gmt":"2021-06-25T03:23:51","guid":{"rendered":"https:\/\/www.bib.ibero.mx\/site\/?page_id=5356"},"modified":"2023-09-28T10:11:22","modified_gmt":"2023-09-28T16:11:22","slug":"informes-del-rector","status":"publish","type":"page","link":"https:\/\/www.bib.ibero.mx\/site\/index.php\/informes-del-rector\/","title":{"rendered":"Informes del Rector"},"content":{"rendered":"\t\t<div data-elementor-type=\"wp-page\" data-elementor-id=\"5356\" class=\"elementor elementor-5356\">\n\t\t\t\t\t\t<div class=\"elementor-inner\">\n\t\t\t\t<div class=\"elementor-section-wrap\">\n\t\t\t\t\t\t\t\t\t<section class=\"elementor-section elementor-top-section elementor-element elementor-element-94d83da elementor-section-boxed elementor-section-height-default elementor-section-height-default\" data-id=\"94d83da\" data-element_type=\"section\">\n\t\t\t\t\t\t<div class=\"elementor-container elementor-column-gap-default\">\n\t\t\t\t\t\t\t<div class=\"elementor-row\">\n\t\t\t\t\t<div class=\"elementor-column elementor-col-100 elementor-top-column elementor-element elementor-element-12c427a\" data-id=\"12c427a\" data-element_type=\"column\">\n\t\t\t<div class=\"elementor-column-wrap elementor-element-populated\">\n\t\t\t\t\t\t\t<div class=\"elementor-widget-wrap\">\n\t\t\t\t\t\t<div class=\"elementor-element elementor-element-0c53082 elementor-widget elementor-widget-text-editor\" data-id=\"0c53082\" data-element_type=\"widget\" data-widget_type=\"text-editor.default\">\n\t\t\t\t<div class=\"elementor-widget-container\">\n\t\t\t\t\t\t\t\t<div class=\"elementor-text-editor elementor-clearfix\">\n\t\t\t\t<p>Publicaci\u00f3n anual cuya tradici\u00f3n inici\u00f3 en 1968. En ella cada Rector ha informado a la comunidad sobre los cambios m\u00e1s significativos, los principales logros alcanzados y los desaf\u00edos a los que la Universidad se ha enfrentado a\u00f1o con a\u00f1o.<\/p><p>La informaci\u00f3n contenida registra el devenir institucional y cuenta con cifras y estad\u00edsticas que permiten reconstruir el crecimiento de cada \u00e1rea, departamento y programa acad\u00e9mico. Naturalmente, cada Informe refleja la coyuntura de su momento hist\u00f3rico, as\u00ed como la personalidad y el enfoque de cada rectorado.<a href=\"https:\/\/www.bib.ibero.mx\/informesrector\/\"><img decoding=\"async\" loading=\"lazy\" class=\"size-medium wp-image-5363 aligncenter\" src=\"https:\/\/www.bib.ibero.mx\/site\/wp-content\/uploads\/2021\/06\/headeromekainformesotro1-300x160.jpg\" alt=\"\" width=\"300\" height=\"160\" srcset=\"https:\/\/www.bib.ibero.mx\/site\/wp-content\/uploads\/2021\/06\/headeromekainformesotro1-300x160.jpg 300w, https:\/\/www.bib.ibero.mx\/site\/wp-content\/uploads\/2021\/06\/headeromekainformesotro1-768x410.jpg 768w, https:\/\/www.bib.ibero.mx\/site\/wp-content\/uploads\/2021\/06\/headeromekainformesotro1-700x373.jpg 700w\" sizes=\"(max-width: 300px) 100vw, 300px\" \/><strong>Ver informes <\/strong><\/a><\/p>\t\t\t\t\t<\/div>\n\t\t\t\t\t\t<\/div>\n\t\t\t\t<\/div>\n\t\t\t\t\t\t<\/div>\n\t\t\t\t\t<\/div>\n\t\t<\/div>\n\t\t\t\t\t\t\t\t<\/div>\n\t\t\t\t\t<\/div>\n\t\t<\/section>\n\t\t\t\t\t\t\t\t\t<\/div>\n\t\t\t<\/div>\n\t\t\t\t\t<\/div>\n\t\t","protected":false},"excerpt":{"rendered":"<p>Publicaci\u00f3n anual cuya tradici\u00f3n inici\u00f3 en 1968. En ella cada Rector ha informado a la comunidad sobre los cambios m\u00e1s significativos, los principales logros alcanzados y los desaf\u00edos a los que la Universidad se ha enfrentado a\u00f1o con a\u00f1o. La<\/p>\n","protected":false},"author":1,"featured_media":0,"parent":0,"menu_order":0,"comment_status":"closed","ping_status":"closed","template":"","meta":[],"_links":{"self":[{"href":"https:\/\/www.bib.ibero.mx\/site\/index.php\/wp-json\/wp\/v2\/pages\/5356"}],"collection":[{"href":"https:\/\/www.bib.ibero.mx\/site\/index.php\/wp-json\/wp\/v2\/pages"}],"about":[{"href":"https:\/\/www.bib.ibero.mx\/site\/index.php\/wp-json\/wp\/v2\/types\/page"}],"author":[{"embeddable":true,"href":"https:\/\/www.bib.ibero.mx\/site\/index.php\/wp-json\/wp\/v2\/users\/1"}],"replies":[{"embeddable":true,"href":"https:\/\/www.bib.ibero.mx\/site\/index.php\/wp-json\/wp\/v2\/comments?post=5356"}],"version-history":[{"count":18,"href":"https:\/\/www.bib.ibero.mx\/site\/index.php\/wp-json\/wp\/v2\/pages\/5356\/revisions"}],"predecessor-version":[{"id":12367,"href":"https:\/\/www.bib.ibero.mx\/site\/index.php\/wp-json\/wp\/v2\/pages\/5356\/revisions\/12367"}],"wp:attachment":[{"href":"https:\/\/www.bib.ibero.mx\/site\/index.php\/wp-json\/wp\/v2\/media?parent=5356"}],"curies":[{"name":"wp","href":"https:\/\/api.w.org\/{rel}","templated":true}]}}

<div data-elementor-type="wp-page" data-elementor-id="5356" class="elementor elementor-5356">
						<div class="elementor-inner">
				<div class="elementor-section-wrap">
									<section class="elementor-section elementor-top-section elementor-element elementor-element-94d83da elementor-section-boxed elementor-section-height-default elementor-section-height-default" data-id="94d83da" data-element_type="section">
						<div class="elementor-container elementor-column-gap-default">
							<div class="elementor-row">
					<div class="elementor-column elementor-col-100 elementor-top-column elementor-element elementor-element-12c427a" data-id="12c427a" data-element_type="column">
			<div class="elementor-column-wrap elementor-element-populated">
							<div class="elementor-widget-wrap">
						<div class="elementor-element elementor-element-0c53082 elementor-widget elementor-widget-text-editor" data-id="0c53082" data-element_type="widget" data-widget_type="text-editor.default">
				<div class="elementor-widget-container">
								<div class="elementor-text-editor elementor-clearfix">
				<p>Publicación anual cuya tradición inició en 1968. En ella cada Rector ha informado a la comunidad sobre los cambios más significativos, los principales logros alcanzados y los desafíos a los que la Universidad se ha enfrentado año con año.</p><p>La información contenida registra el devenir institucional y cuenta con cifras y estadísticas que permiten reconstruir el crecimiento de cada área, departamento y programa académico. Naturalmente, cada Informe refleja la coyuntura de su momento histórico, así como la personalidad y el enfoque de cada rectorado.<a href="https://www.bib.ibero.mx/informesrector/"><img decoding="async" loading="lazy" class="size-medium wp-image-5363 aligncenter" src="https://www.bib.ibero.mx/site/wp-content/uploads/2021/06/headeromekainformesotro1-300x160.jpg" alt="" width="300" height="160" srcset="https://www.bib.ibero.mx/site/wp-content/uploads/2021/06/headeromekainformesotro1-300x160.jpg 300w, https://www.bib.ibero.mx/site/wp-content/uploads/2021/06/headeromekainformesotro1-768x410.jpg 768w, https://www.bib.ibero.mx/site/wp-content/uploads/2021/06/headeromekainformesotro1-700x373.jpg 700w" sizes="(max-width: 300px) 100vw, 300px" /><strong>Ver informes </strong></a></p>					</div>
						</div>
				</div>
						</div>
					</div>
		</div>
								</div>
					</div>
		</section>
									</div>
			</div>
					</div>

<p>Publicación anual cuya tradición inició en 1968. En ella cada Rector ha informado a la comunidad sobre los cambios más significativos, los principales logros alcanzados y los desafíos a los que la Universidad se ha enfrentado año con año. La</p>
