{"id":3866,"date":"2020-08-31T16:10:56","date_gmt":"2020-08-31T21:10:56","guid":{"rendered":"https:\/\/www.bib.ibero.mx\/site\/?page_id=3866"},"modified":"2021-04-27T11:56:47","modified_gmt":"2021-04-27T16:56:47","slug":"manual-preparar_cempro","status":"publish","type":"page","link":"https:\/\/www.bib.ibero.mx\/site\/index.php\/inicio\/informacion-cempro-ibero\/manual-preparar_cempro\/","title":{"rendered":"MANUAL PARA PREPARAR LAS DIGITALIZACIONES CeMPro &#8211; IBERO"},"content":{"rendered":"\t\t<div data-elementor-type=\"wp-post\" data-elementor-id=\"3866\" class=\"elementor elementor-3866\">\n\t\t\t\t\t\t<div class=\"elementor-inner\">\n\t\t\t\t<div class=\"elementor-section-wrap\">\n\t\t\t\t\t\t\t\t\t<section class=\"elementor-section elementor-top-section elementor-element elementor-element-2d02fa77 elementor-section-boxed elementor-section-height-default elementor-section-height-default\" data-id=\"2d02fa77\" data-element_type=\"section\">\n\t\t\t\t\t\t<div class=\"elementor-container elementor-column-gap-default\">\n\t\t\t\t\t\t\t<div class=\"elementor-row\">\n\t\t\t\t\t<div class=\"elementor-column elementor-col-100 elementor-top-column elementor-element elementor-element-2051580a\" data-id=\"2051580a\" data-element_type=\"column\">\n\t\t\t<div class=\"elementor-column-wrap elementor-element-populated\">\n\t\t\t\t\t\t\t<div class=\"elementor-widget-wrap\">\n\t\t\t\t\t\t<div class=\"elementor-element elementor-element-71a3646 elementor-widget elementor-widget-text-editor\" data-id=\"71a3646\" data-element_type=\"widget\" data-widget_type=\"text-editor.default\">\n\t\t\t\t<div class=\"elementor-widget-container\">\n\t\t\t\t\t\t\t\t<div class=\"elementor-text-editor elementor-clearfix\">\n\t\t\t\t<!-- wp:tadv\/classic-paragraph \/-->\t\t\t\t\t<\/div>\n\t\t\t\t\t\t<\/div>\n\t\t\t\t<\/div>\n\t\t\t\t\t\t<\/div>\n\t\t\t\t\t<\/div>\n\t\t<\/div>\n\t\t\t\t\t\t\t\t<\/div>\n\t\t\t\t\t<\/div>\n\t\t<\/section>\n\t\t\t\t<section class=\"elementor-section elementor-top-section elementor-element elementor-element-7739b04e elementor-section-boxed elementor-section-height-default elementor-section-height-default\" data-id=\"7739b04e\" data-element_type=\"section\">\n\t\t\t\t\t\t<div class=\"elementor-container elementor-column-gap-default\">\n\t\t\t\t\t\t\t<div class=\"elementor-row\">\n\t\t\t\t\t<div class=\"elementor-column elementor-col-100 elementor-top-column elementor-element elementor-element-51cc5752\" data-id=\"51cc5752\" data-element_type=\"column\">\n\t\t\t<div class=\"elementor-column-wrap elementor-element-populated\">\n\t\t\t\t\t\t\t<div class=\"elementor-widget-wrap\">\n\t\t\t\t\t\t<div class=\"elementor-element elementor-element-68c34bbd elementor-icon-list--layout-traditional elementor-list-item-link-full_width elementor-widget elementor-widget-icon-list\" data-id=\"68c34bbd\" data-element_type=\"widget\" data-widget_type=\"icon-list.default\">\n\t\t\t\t<div class=\"elementor-widget-container\">\n\t\t\t\t\t<ul class=\"elementor-icon-list-items\">\n\t\t\t\t\t\t\t<li class=\"elementor-icon-list-item\">\n\t\t\t\t\t\t\t\t\t\t\t<a href=\"https:\/\/www.bib.ibero.mx\/site\/index.php\/informacion-cempro-ibero\/\">\n\n\t\t\t\t\t\t\t\t\t\t\t\t<span class=\"elementor-icon-list-icon\">\n\t\t\t\t\t\t\t\t\t\t\t\t\t\t\t\t<i class=\"fa fa-check\" aria-hidden=\"true\"><\/i>\n\t\t\t\t\t\t\t\t\t\t\t\t\t<\/span>\n\t\t\t\t\t\t\t\t\t\t<span class=\"elementor-icon-list-text\">Informaci\u00f3n general<\/span>\n\t\t\t\t\t\t\t\t\t\t\t<\/a>\n\t\t\t\t\t\t\t\t\t<\/li>\n\t\t\t\t\t\t\t\t<li class=\"elementor-icon-list-item\">\n\t\t\t\t\t\t\t\t\t\t\t<a href=\"https:\/\/www.bib.ibero.mx\/site\/index.php\/cobertura-limitaciones-cempro\/\">\n\n\t\t\t\t\t\t\t\t\t\t\t\t<span class=\"elementor-icon-list-icon\">\n\t\t\t\t\t\t\t\t\t\t\t\t\t\t\t\t<i class=\"fa fa-check\" aria-hidden=\"true\"><\/i>\n\t\t\t\t\t\t\t\t\t\t\t\t\t<\/span>\n\t\t\t\t\t\t\t\t\t\t<span class=\"elementor-icon-list-text\">Cobertura y limitaciones de la licencia<\/span>\n\t\t\t\t\t\t\t\t\t\t\t<\/a>\n\t\t\t\t\t\t\t\t\t<\/li>\n\t\t\t\t\t\t\t\t<li class=\"elementor-icon-list-item\">\n\t\t\t\t\t\t\t\t\t\t\t<a href=\"https:\/\/www.bib.ibero.mx\/site\/index.php\/preguntas-frecuentes-cempro-ibero\/\">\n\n\t\t\t\t\t\t\t\t\t\t\t\t<span class=\"elementor-icon-list-icon\">\n\t\t\t\t\t\t\t\t\t\t\t\t\t\t\t\t<i class=\"fa fa-check\" aria-hidden=\"true\"><\/i>\n\t\t\t\t\t\t\t\t\t\t\t\t\t<\/span>\n\t\t\t\t\t\t\t\t\t\t<span class=\"elementor-icon-list-text\">Preguntas Frecuentes<\/span>\n\t\t\t\t\t\t\t\t\t\t\t<\/a>\n\t\t\t\t\t\t\t\t\t<\/li>\n\t\t\t\t\t\t\t\t<li class=\"elementor-icon-list-item\">\n\t\t\t\t\t\t\t\t\t\t\t<a href=\"https:\/\/www.bib.ibero.mx\/site\/index.php\/catalogo-editoriales-autores-autoras-cempro\/\">\n\n\t\t\t\t\t\t\t\t\t\t\t\t<span class=\"elementor-icon-list-icon\">\n\t\t\t\t\t\t\t\t\t\t\t\t\t\t\t\t<i class=\"fa fa-check\" aria-hidden=\"true\"><\/i>\n\t\t\t\t\t\t\t\t\t\t\t\t\t<\/span>\n\t\t\t\t\t\t\t\t\t\t<span class=\"elementor-icon-list-text\">Cat\u00e1logo de Editoriales, Autoras y Autores<\/span>\n\t\t\t\t\t\t\t\t\t\t\t<\/a>\n\t\t\t\t\t\t\t\t\t<\/li>\n\t\t\t\t\t\t<\/ul>\n\t\t\t\t<\/div>\n\t\t\t\t<\/div>\n\t\t\t\t\t\t<\/div>\n\t\t\t\t\t<\/div>\n\t\t<\/div>\n\t\t\t\t\t\t\t\t<\/div>\n\t\t\t\t\t<\/div>\n\t\t<\/section>\n\t\t\t\t<section class=\"elementor-section elementor-top-section elementor-element elementor-element-1ec9c54 elementor-section-boxed elementor-section-height-default elementor-section-height-default\" data-id=\"1ec9c54\" data-element_type=\"section\">\n\t\t\t\t\t\t<div class=\"elementor-container elementor-column-gap-default\">\n\t\t\t\t\t\t\t<div class=\"elementor-row\">\n\t\t\t\t\t<div class=\"elementor-column elementor-col-66 elementor-top-column elementor-element elementor-element-171a33c5\" data-id=\"171a33c5\" data-element_type=\"column\">\n\t\t\t<div class=\"elementor-column-wrap elementor-element-populated\">\n\t\t\t\t\t\t\t<div class=\"elementor-widget-wrap\">\n\t\t\t\t\t\t<div class=\"elementor-element elementor-element-38f9a543 elementor-widget elementor-widget-text-editor\" data-id=\"38f9a543\" data-element_type=\"widget\" data-widget_type=\"text-editor.default\">\n\t\t\t\t<div class=\"elementor-widget-container\">\n\t\t\t\t\t\t\t\t<div class=\"elementor-text-editor elementor-clearfix\">\n\t\t\t\t<p><span style=\"color: #333333; font-family: 'Open Sans', sans-serif; font-size: 16px; font-style: normal; font-variant-ligatures: normal; font-variant-caps: normal; font-weight: 400;\">El siguiente proceso te ayudar\u00e1 a preparar las reproducciones digitales que compartir\u00e1s con tus estudiantes, al tiempo que te permite asegurarte de que se encuentran cubiertas por la licencia otorgada por el CeMPro a nuestras instituciones.<\/span><\/p>\n<ol class=\"arabic-numbers\" style=\"margin-bottom: 11px; color: #333333; font-family: 'Open Sans', sans-serif; font-size: 16px; font-style: normal; font-variant-ligatures: normal; font-variant-caps: normal; font-weight: 400;\">\n<li>Antes que otra cosa, te sugerimos revisar si lo que buscas digitalizar forma parte de las los servicios electr\u00f3nicos contratados por su biblioteca. Algunas de las editoriales socias del CeMPro ofrecen sus libros en texto completo a trav\u00e9s de los servicios como Elibro, Ebsco Academic Ebook Collection o Jstor. En este caso no es necesario que lleves a cabo la digitalizaci\u00f3n, pues bastar\u00eda con que compartieras con tus estudiantes mediante Brightspace la liga al recurso. Si requieres ayuda para confirmar si el libro ya est\u00e1 disponible en estos servicios o sobre c\u00f3mo compartirlo con tus estudiantes, escr\u00edbenos a\u00a0<a href=\"mailto:servicios.biblioteca@ibero.mx\">servicios.biblioteca@ibero.mx<\/a>.<\/li>\n<li>Si el libro no est\u00e1 disponible mediante los servicios contratados por tu biblioteca, comprueba que est\u00e9 publicado por\u00a0<a href=\"https:\/\/www.bib.ibero.mx\/site\/index.php\/catalogo-editoriales-autores-autoras-cempro\/\">alguna de las editoriales asociadas al CeMPro<\/a>. Recuerda que hay grandes compa\u00f1\u00edas editoriales que agrupan a sellos que antes eran independientes. Por ejemplo: Hachette agrupa las publicaciones de Editorial Alianza, Editorial C\u00e1tedra y Larousse. Revisa en los sitios de esas editoriales si pertenecen a uno de estos grandes grupos. Si as\u00ed fuera, sus publicaciones est\u00e1n cubiertas por la licencia del CeMPro. Si tuvieras dudas, escribe a\u00a0<a href=\"mailto:servicios.biblioteca@ibero.mx\" target=\"_blank\" rel=\"noopener\">servicios.biblioteca@ibero.mx<\/a>\u00a0con los siguientes mailto:servicios.biblioteca@ibero.mxdatos de la publicaci\u00f3n para que revisemos si est\u00e1 cubierta: t\u00edtulo, autores o autoras, editorial e ISBN.<\/li>\n<li>Recuerda que hay ciertos materiales que aunque publicados por editoriales asociadas al CeMPro\u00a0<strong>est\u00e1n excluidos de la licencia, tales como manuales de ejercicios escolares y pruebas psicol\u00f3gicas<\/strong>. Revisa en este sitio\u00a0qu\u00e9 <a href=\"https:\/\/www.bib.ibero.mx\/site\/index.php\/cobertura-limitaciones-cempro\/\">est\u00e1 cubierto por la licencia y qu\u00e9 no<\/a>.<\/li>\n<li>Aug\u00farate de que la digitalizaci\u00f3n se est\u00e1 realizando directamente a partir de un ejemplar adquirido legalmente o de un ejemplar proveniente de la biblioteca de tu instituci\u00f3n (Ibero CDMX, Ibero Tijuana, TUVCH o Prepa Ibero).\u00a0<strong>La licencia NO cubre documentos en PDF u otros formatos electr\u00f3nicos obtenidos de sitios de Internet que distribuyen reproducciones no autorizadas de libros.<\/strong><\/li>\n<li>Comprueba que la parte que digitalizar\u00e1s no es superior al 10% del total de las p\u00e1ginas numeradas del libro. En el caso de un libro con un total de 500 p\u00e1ginas o mayor a ese n\u00famero, la digitalizaci\u00f3n nunca deber\u00e1 exceder de las 50 p\u00e1ginas.\u00a0<strong>En ning\u00fan caso se podr\u00e1 compartir con las y los estudiantes la digitalizaci\u00f3n de un libro completo o m\u00e1s del 10% del total de p\u00e1ginas, aunque sea de manera fraccionada<\/strong>.<\/li>\n<li>Realiza la digitalizaci\u00f3n. Si no cuentas con un esc\u00e1ner, existen aplicaciones para tel\u00e9fonos inteligentes que pueden ayudarle a hacer esta reproducci\u00f3n. Revisa la tienda de aplicaciones que corresponda al sistema operativo de tu tel\u00e9fono para seleccionar la que te parezca m\u00e1s adecuada.<\/li>\n<li>Te sugerimos digitalizar usando el formato PDF, que mantiene las caracter\u00edsticas de paginaci\u00f3n y diagramaci\u00f3n del ejemplar impreso, en un s\u00f3lo documento.<\/li>\n<li>Baja a su computadora la plantilla para car\u00e1tula correspondiente a la instituci\u00f3n a la que pertenece el curso en en el que la usar\u00e1s (Ibero CDMX, Ibero Tijuana, TUVCH o Prepa Ibero).<\/li>\n<li>Cumplimenta la car\u00e1tula con la informaci\u00f3n correspondiente a tu curso y al libro impreso. Haz esto con cada digitalizaci\u00f3n y cada curso en el que vayas a usarla. Gu\u00e1rdala como un documento pdf.<\/li>\n<li>Utilizando las herramientas que vienen en tu computadora o en alg\u00fan servicio de Internet gratuito como\u00a0<a href=\"https:\/\/smallpdf.com\/es\/unir-pdf\">SmallPDF<\/a>\u00a0o\u00a0<a href=\"https:\/\/www.ilovepdf.com\/es\/unir_pdf\">ILovePDF,<\/a> inserta la car\u00e1tula al inicio de la digitalizaci\u00f3n que le corresponde.<\/li>\n<li>Sube la digitalizaci\u00f3n a Brightspace para compartirla con el grupo.<\/li>\n<\/ol>\n<p><span style=\"color: #333333; font-family: 'Open Sans', sans-serif; font-size: 16px; font-style: normal; font-variant-ligatures: normal; font-variant-caps: normal; font-weight: 400;\">Si tuvieras alguna pregunta sobre este proceso, por favor escr\u00edbenos mediante el formulario incluido en esta p\u00e1gina o a la direcci\u00f3n\u00a0<\/span><a href=\"servicios.biblioteca@ibero.mx\" target=\"_blank\" rel=\"noopener\">servicios.biblioteca@ibero.mx<span style=\"color: #333333; font-family: 'Open Sans', sans-serif; font-size: 16px; font-style: normal; font-variant-ligatures: normal; font-variant-caps: normal; font-weight: 400;\">.<\/span><\/a><\/p>\t\t\t\t\t<\/div>\n\t\t\t\t\t\t<\/div>\n\t\t\t\t<\/div>\n\t\t\t\t\t\t<\/div>\n\t\t\t\t\t<\/div>\n\t\t<\/div>\n\t\t\t\t<div class=\"elementor-column elementor-col-33 elementor-top-column elementor-element elementor-element-6fe5a129\" data-id=\"6fe5a129\" data-element_type=\"column\">\n\t\t\t<div class=\"elementor-column-wrap elementor-element-populated\">\n\t\t\t\t\t\t\t<div class=\"elementor-widget-wrap\">\n\t\t\t\t\t\t<div class=\"elementor-element elementor-element-6f5a4c4 elementor-widget elementor-widget-heading\" data-id=\"6f5a4c4\" data-element_type=\"widget\" data-widget_type=\"heading.default\">\n\t\t\t\t<div class=\"elementor-widget-container\">\n\t\t\t<h2 class=\"elementor-heading-title elementor-size-large\">Plantillas para car\u00e1tulas de las digitalizaciones<\/h2>\t\t<\/div>\n\t\t\t\t<\/div>\n\t\t\t\t<div class=\"elementor-element elementor-element-e55d4d2 elementor-widget elementor-widget-text-editor\" data-id=\"e55d4d2\" data-element_type=\"widget\" data-widget_type=\"text-editor.default\">\n\t\t\t\t<div class=\"elementor-widget-container\">\n\t\t\t\t\t\t\t\t<div class=\"elementor-text-editor elementor-clearfix\">\n\t\t\t\t<p>Selecciona la car\u00e1tula correspondiente a tu instituci\u00f3n:<\/p>\t\t\t\t\t<\/div>\n\t\t\t\t\t\t<\/div>\n\t\t\t\t<\/div>\n\t\t\t\t<div class=\"elementor-element elementor-element-f2ebd23 elementor-icon-list--layout-traditional elementor-list-item-link-full_width elementor-widget elementor-widget-icon-list\" data-id=\"f2ebd23\" data-element_type=\"widget\" data-widget_type=\"icon-list.default\">\n\t\t\t\t<div class=\"elementor-widget-container\">\n\t\t\t\t\t<ul class=\"elementor-icon-list-items\">\n\t\t\t\t\t\t\t<li class=\"elementor-icon-list-item\">\n\t\t\t\t\t\t\t\t\t\t\t<a href=\"https:\/\/www.bib.ibero.mx\/caratulascempro\/Caratula-Ibero.docx\">\n\n\t\t\t\t\t\t\t\t\t\t\t\t<span class=\"elementor-icon-list-icon\">\n\t\t\t\t\t\t\t\t\t\t\t\t\t\t\t\t<i class=\"fa fa-envira\" aria-hidden=\"true\"><\/i>\n\t\t\t\t\t\t\t\t\t\t\t\t\t<\/span>\n\t\t\t\t\t\t\t\t\t\t<span class=\"elementor-icon-list-text\">Car\u00e1tula Ibero CDMX<br \/><\/span>\n\t\t\t\t\t\t\t\t\t\t\t<\/a>\n\t\t\t\t\t\t\t\t\t<\/li>\n\t\t\t\t\t\t\t\t<li class=\"elementor-icon-list-item\">\n\t\t\t\t\t\t\t\t\t\t\t<a href=\"https:\/\/www.bib.ibero.mx\/caratulascempro\/Caratula-Ibero-Tijuana.docx\" target=\"_blank\">\n\n\t\t\t\t\t\t\t\t\t\t\t\t<span class=\"elementor-icon-list-icon\">\n\t\t\t\t\t\t\t\t\t\t\t\t\t\t\t\t<i class=\"fa fa-envira\" aria-hidden=\"true\"><\/i>\n\t\t\t\t\t\t\t\t\t\t\t\t\t<\/span>\n\t\t\t\t\t\t\t\t\t\t<span class=\"elementor-icon-list-text\">Car\u00e1tula Ibero Tijuana<br \/><\/span>\n\t\t\t\t\t\t\t\t\t\t\t<\/a>\n\t\t\t\t\t\t\t\t\t<\/li>\n\t\t\t\t\t\t\t\t<li class=\"elementor-icon-list-item\">\n\t\t\t\t\t\t\t\t\t\t\t<a href=\"https:\/\/www.bib.ibero.mx\/caratulascempro\/Caratula-TUVCH.docx\" target=\"_blank\">\n\n\t\t\t\t\t\t\t\t\t\t\t\t<span class=\"elementor-icon-list-icon\">\n\t\t\t\t\t\t\t\t\t\t\t\t\t\t\t\t<i class=\"fa fa-envira\" aria-hidden=\"true\"><\/i>\n\t\t\t\t\t\t\t\t\t\t\t\t\t<\/span>\n\t\t\t\t\t\t\t\t\t\t<span class=\"elementor-icon-list-text\">Car\u00e1tula TUVCH<br \/><\/span>\n\t\t\t\t\t\t\t\t\t\t\t<\/a>\n\t\t\t\t\t\t\t\t\t<\/li>\n\t\t\t\t\t\t\t\t<li class=\"elementor-icon-list-item\">\n\t\t\t\t\t\t\t\t\t\t\t<a href=\"https:\/\/www.bib.ibero.mx\/caratulascempro\/Caratula-Prepa-Ibero.docx\" target=\"_blank\">\n\n\t\t\t\t\t\t\t\t\t\t\t\t<span class=\"elementor-icon-list-icon\">\n\t\t\t\t\t\t\t\t\t\t\t\t\t\t\t\t<i class=\"fa fa-envira\" aria-hidden=\"true\"><\/i>\n\t\t\t\t\t\t\t\t\t\t\t\t\t<\/span>\n\t\t\t\t\t\t\t\t\t\t<span class=\"elementor-icon-list-text\">Car\u00e1tula Ibero Prepa Ibero<br \/><\/span>\n\t\t\t\t\t\t\t\t\t\t\t<\/a>\n\t\t\t\t\t\t\t\t\t<\/li>\n\t\t\t\t\t\t<\/ul>\n\t\t\t\t<\/div>\n\t\t\t\t<\/div>\n\t\t\t\t\t\t<\/div>\n\t\t\t\t\t<\/div>\n\t\t<\/div>\n\t\t\t\t\t\t\t\t<\/div>\n\t\t\t\t\t<\/div>\n\t\t<\/section>\n\t\t\t\t\t\t\t\t\t<\/div>\n\t\t\t<\/div>\n\t\t\t\t\t<\/div>\n\t\t","protected":false},"excerpt":{"rendered":"<p>Informaci\u00f3n general Cobertura y limitaciones de la licencia Preguntas Frecuentes Cat\u00e1logo de Editoriales, Autoras y Autores El siguiente proceso te ayudar\u00e1 a preparar las reproducciones digitales que compartir\u00e1s con tus estudiantes, al tiempo que te permite asegurarte de que se<\/p>\n","protected":false},"author":1,"featured_media":0,"parent":3844,"menu_order":2,"comment_status":"closed","ping_status":"closed","template":"","meta":[],"_links":{"self":[{"href":"https:\/\/www.bib.ibero.mx\/site\/index.php\/wp-json\/wp\/v2\/pages\/3866"}],"collection":[{"href":"https:\/\/www.bib.ibero.mx\/site\/index.php\/wp-json\/wp\/v2\/pages"}],"about":[{"href":"https:\/\/www.bib.ibero.mx\/site\/index.php\/wp-json\/wp\/v2\/types\/page"}],"author":[{"embeddable":true,"href":"https:\/\/www.bib.ibero.mx\/site\/index.php\/wp-json\/wp\/v2\/users\/1"}],"replies":[{"embeddable":true,"href":"https:\/\/www.bib.ibero.mx\/site\/index.php\/wp-json\/wp\/v2\/comments?post=3866"}],"version-history":[{"count":15,"href":"https:\/\/www.bib.ibero.mx\/site\/index.php\/wp-json\/wp\/v2\/pages\/3866\/revisions"}],"predecessor-version":[{"id":3907,"href":"https:\/\/www.bib.ibero.mx\/site\/index.php\/wp-json\/wp\/v2\/pages\/3866\/revisions\/3907"}],"up":[{"embeddable":true,"href":"https:\/\/www.bib.ibero.mx\/site\/index.php\/wp-json\/wp\/v2\/pages\/3844"}],"wp:attachment":[{"href":"https:\/\/www.bib.ibero.mx\/site\/index.php\/wp-json\/wp\/v2\/media?parent=3866"}],"curies":[{"name":"wp","href":"https:\/\/api.w.org\/{rel}","templated":true}]}}