{"id":262,"date":"2018-11-06T14:41:57","date_gmt":"2018-11-06T20:41:57","guid":{"rendered":"http:\/\/www.bib.ibero.mx\/site\/?page_id=262"},"modified":"2024-11-19T09:54:20","modified_gmt":"2024-11-19T15:54:20","slug":"mision-de-la-biblioteca-fxc","status":"publish","type":"page","link":"https:\/\/www.bib.ibero.mx\/site\/index.php\/inicio\/mision-de-la-biblioteca-fxc\/","title":{"rendered":"Misi\u00f3n y visi\u00f3n de la Biblioteca FXC"},"content":{"rendered":"\t\t<div data-elementor-type=\"wp-post\" data-elementor-id=\"262\" class=\"elementor elementor-262\">\n\t\t\t\t\t\t<div class=\"elementor-inner\">\n\t\t\t\t<div class=\"elementor-section-wrap\">\n\t\t\t\t\t\t\t\t\t<section class=\"elementor-section elementor-top-section elementor-element elementor-element-96d503c elementor-section-boxed elementor-section-height-default elementor-section-height-default\" data-id=\"96d503c\" data-element_type=\"section\" data-settings=\"{&quot;background_background&quot;:&quot;classic&quot;}\">\n\t\t\t\t\t\t<div class=\"elementor-container elementor-column-gap-default\">\n\t\t\t\t\t\t\t<div class=\"elementor-row\">\n\t\t\t\t\t<div class=\"elementor-column elementor-col-50 elementor-top-column elementor-element elementor-element-3333f5f\" data-id=\"3333f5f\" data-element_type=\"column\">\n\t\t\t<div class=\"elementor-column-wrap elementor-element-populated\">\n\t\t\t\t\t\t\t<div class=\"elementor-widget-wrap\">\n\t\t\t\t\t\t<div class=\"elementor-element elementor-element-1cd0b9f elementor-widget elementor-widget-text-editor\" data-id=\"1cd0b9f\" data-element_type=\"widget\" data-widget_type=\"text-editor.default\">\n\t\t\t\t<div class=\"elementor-widget-container\">\n\t\t\t\t\t\t\t\t<div class=\"elementor-text-editor elementor-clearfix\">\n\t\t\t\t<p><span style=\"font-family: verdana, geneva, sans-serif; font-size: 14pt;\"><strong><span style=\"color: #000000;\">MISI\u00d3N:<\/span><\/strong> <span style=\"font-size: 12pt;\">Fortalecer la cultura de informaci\u00f3n y el impacto de la biblioteca en los procesos de generaci\u00f3n, aplicaci\u00f3n y difusi\u00f3n del conocimiento en la comunidad Ibero, a trav\u00e9s de la innovaci\u00f3n y pertinencia en los servicios, la organizaci\u00f3n y desarrollo de colecciones, as\u00ed como de la preservaci\u00f3n y difusi\u00f3n del patrimonio documental, art\u00edstico e hist\u00f3rico, nacional e institucional.<\/span><\/span><\/p><p><span style=\"font-family: verdana, geneva, sans-serif; font-size: 14pt;\"><span style=\"color: #000000;\"><strong>VISI\u00d3N:<\/strong><\/span> <span style=\"font-size: 12pt;\">Ser la entidad reconocida como l\u00edder por el alto nivel de calidad en sus colecciones, servicios y espacios en atenci\u00f3n a las necesidades de informaci\u00f3n de la comunidad Ibero y de la sociedad.<\/span><\/span><\/p>\t\t\t\t\t<\/div>\n\t\t\t\t\t\t<\/div>\n\t\t\t\t<\/div>\n\t\t\t\t\t\t<\/div>\n\t\t\t\t\t<\/div>\n\t\t<\/div>\n\t\t\t\t<div class=\"elementor-column elementor-col-50 elementor-top-column elementor-element elementor-element-aae5b84\" data-id=\"aae5b84\" data-element_type=\"column\" data-settings=\"{&quot;background_background&quot;:&quot;classic&quot;}\">\n\t\t\t<div class=\"elementor-column-wrap elementor-element-populated\">\n\t\t\t\t\t\t\t<div class=\"elementor-widget-wrap\">\n\t\t\t\t\t\t<div class=\"elementor-element elementor-element-5f0a036 elementor-widget elementor-widget-image\" data-id=\"5f0a036\" data-element_type=\"widget\" data-widget_type=\"image.default\">\n\t\t\t\t<div class=\"elementor-widget-container\">\n\t\t\t\t\t\t\t\t<div class=\"elementor-image\">\n\t\t\t\t\t\t\t\t\t\t\t\t<img decoding=\"async\" width=\"270\" height=\"328\" src=\"https:\/\/www.bib.ibero.mx\/site\/wp-content\/uploads\/2024\/11\/Francisco-XC.png\" class=\"attachment-large size-large wp-image-15685\" alt=\"\" loading=\"lazy\" srcset=\"https:\/\/www.bib.ibero.mx\/site\/wp-content\/uploads\/2024\/11\/Francisco-XC.png 270w, https:\/\/www.bib.ibero.mx\/site\/wp-content\/uploads\/2024\/11\/Francisco-XC-247x300.png 247w\" sizes=\"(max-width: 270px) 100vw, 270px\" \/>\t\t\t\t\t\t\t\t\t\t\t\t\t\t<\/div>\n\t\t\t\t\t\t<\/div>\n\t\t\t\t<\/div>\n\t\t\t\t\t\t<\/div>\n\t\t\t\t\t<\/div>\n\t\t<\/div>\n\t\t\t\t\t\t\t\t<\/div>\n\t\t\t\t\t<\/div>\n\t\t<\/section>\n\t\t\t\t\t\t\t\t\t<\/div>\n\t\t\t<\/div>\n\t\t\t\t\t<\/div>\n\t\t","protected":false},"excerpt":{"rendered":"<p>MISI\u00d3N: Fortalecer la cultura de informaci\u00f3n y el impacto de la biblioteca en los procesos de generaci\u00f3n, aplicaci\u00f3n y difusi\u00f3n del conocimiento en la comunidad Ibero, a trav\u00e9s de la innovaci\u00f3n y pertinencia en los servicios, la organizaci\u00f3n y desarrollo<\/p>\n","protected":false},"author":2,"featured_media":0,"parent":5,"menu_order":16,"comment_status":"closed","ping_status":"closed","template":"","meta":[],"_links":{"self":[{"href":"https:\/\/www.bib.ibero.mx\/site\/index.php\/wp-json\/wp\/v2\/pages\/262"}],"collection":[{"href":"https:\/\/www.bib.ibero.mx\/site\/index.php\/wp-json\/wp\/v2\/pages"}],"about":[{"href":"https:\/\/www.bib.ibero.mx\/site\/index.php\/wp-json\/wp\/v2\/types\/page"}],"author":[{"embeddable":true,"href":"https:\/\/www.bib.ibero.mx\/site\/index.php\/wp-json\/wp\/v2\/users\/2"}],"replies":[{"embeddable":true,"href":"https:\/\/www.bib.ibero.mx\/site\/index.php\/wp-json\/wp\/v2\/comments?post=262"}],"version-history":[{"count":21,"href":"https:\/\/www.bib.ibero.mx\/site\/index.php\/wp-json\/wp\/v2\/pages\/262\/revisions"}],"predecessor-version":[{"id":15697,"href":"https:\/\/www.bib.ibero.mx\/site\/index.php\/wp-json\/wp\/v2\/pages\/262\/revisions\/15697"}],"up":[{"embeddable":true,"href":"https:\/\/www.bib.ibero.mx\/site\/index.php\/wp-json\/wp\/v2\/pages\/5"}],"wp:attachment":[{"href":"https:\/\/www.bib.ibero.mx\/site\/index.php\/wp-json\/wp\/v2\/media?parent=262"}],"curies":[{"name":"wp","href":"https:\/\/api.w.org\/{rel}","templated":true}]}}

Misión y visión de la Biblioteca FXC

<div data-elementor-type="wp-post" data-elementor-id="262" class="elementor elementor-262">
						<div class="elementor-inner">
				<div class="elementor-section-wrap">
									<section class="elementor-section elementor-top-section elementor-element elementor-element-96d503c elementor-section-boxed elementor-section-height-default elementor-section-height-default" data-id="96d503c" data-element_type="section" data-settings="{&quot;background_background&quot;:&quot;classic&quot;}">
						<div class="elementor-container elementor-column-gap-default">
							<div class="elementor-row">
					<div class="elementor-column elementor-col-50 elementor-top-column elementor-element elementor-element-3333f5f" data-id="3333f5f" data-element_type="column">
			<div class="elementor-column-wrap elementor-element-populated">
							<div class="elementor-widget-wrap">
						<div class="elementor-element elementor-element-1cd0b9f elementor-widget elementor-widget-text-editor" data-id="1cd0b9f" data-element_type="widget" data-widget_type="text-editor.default">
				<div class="elementor-widget-container">
								<div class="elementor-text-editor elementor-clearfix">
				<p><span style="font-family: verdana, geneva, sans-serif; font-size: 14pt;"><strong><span style="color: #000000;">MISIÓN:</span></strong> <span style="font-size: 12pt;">Fortalecer la cultura de información y el impacto de la biblioteca en los procesos de generación, aplicación y difusión del conocimiento en la comunidad Ibero, a través de la innovación y pertinencia en los servicios, la organización y desarrollo de colecciones, así como de la preservación y difusión del patrimonio documental, artístico e histórico, nacional e institucional.</span></span></p><p><span style="font-family: verdana, geneva, sans-serif; font-size: 14pt;"><span style="color: #000000;"><strong>VISIÓN:</strong></span> <span style="font-size: 12pt;">Ser la entidad reconocida como líder por el alto nivel de calidad en sus colecciones, servicios y espacios en atención a las necesidades de información de la comunidad Ibero y de la sociedad.</span></span></p>					</div>
						</div>
				</div>
						</div>
					</div>
		</div>
				<div class="elementor-column elementor-col-50 elementor-top-column elementor-element elementor-element-aae5b84" data-id="aae5b84" data-element_type="column" data-settings="{&quot;background_background&quot;:&quot;classic&quot;}">
			<div class="elementor-column-wrap elementor-element-populated">
							<div class="elementor-widget-wrap">
						<div class="elementor-element elementor-element-5f0a036 elementor-widget elementor-widget-image" data-id="5f0a036" data-element_type="widget" data-widget_type="image.default">
				<div class="elementor-widget-container">
								<div class="elementor-image">
												<img decoding="async" width="270" height="328" src="https://www.bib.ibero.mx/site/wp-content/uploads/2024/11/Francisco-XC.png" class="attachment-large size-large wp-image-15685" alt="" loading="lazy" srcset="https://www.bib.ibero.mx/site/wp-content/uploads/2024/11/Francisco-XC.png 270w, https://www.bib.ibero.mx/site/wp-content/uploads/2024/11/Francisco-XC-247x300.png 247w" sizes="(max-width: 270px) 100vw, 270px" />														</div>
						</div>
				</div>
						</div>
					</div>
		</div>
								</div>
					</div>
		</section>
									</div>
			</div>
					</div>

<p>MISIÓN: Fortalecer la cultura de información y el impacto de la biblioteca en los procesos de generación, aplicación y difusión del conocimiento en la comunidad Ibero, a través de la innovación y pertinencia en los servicios, la organización y desarrollo</p>
